17 is divided by 42?
9
Calculate the remainder when 5076 is divided by 2537.
2
What is the remainder when 4453 is divided by 1413?
214
Calculate the remainder when 12216 is divided by 60.
36
What is the remainder when 2225777 is divided by 1081?
1079
What is the remainder when 7807 is divided by 217?
212
What is the remainder when 2865 is divided by 1285?
295
What is the remainder when 75454 is divided by 230?
14
What is the remainder when 875288 is divided by 12504?
8
Calculate the remainder when 857 is divided by 374.
109
What is the remainder when 335918 is divided by 34?
32
Calculate the remainder when 6840 is divided by 35.
15
Calculate the remainder when 950554 is divided by 5.
4
Calculate the remainder when 241 is divided by 77.
10
Calculate the remainder when 764992 is divided by 20.
12
Calculate the remainder when 22971 is divided by 7402.
765
Calculate the remainder when 1208 is divided by 403.
402
Calculate the remainder when 48405 is divided by 182.
175
Calculate the remainder when 56055 is divided by 69.
27
What is the remainder when 14984 is divided by 576?
8
Calculate the remainder when 7396 is divided by 1056.
4
Calculate the remainder when 112047 is divided by 1.
0
Calculate the remainder when 6474 is divided by 20.
14
Calculate the remainder when 1747099 is divided by 115.
19
What is the remainder when 84674 is divided by 1144?
18
Calculate the remainder when 1641 is divided by 1632.
9
What is the remainder when 2766 is divided by 455?
36
Calculate the remainder when 66220 is divided by 187.
22
Calculate the remainder when 60751 is divided by 144.
127
Calculate the remainder when 10167515 is divided by 3082.
3079
What is the remainder when 1264 is divided by 258?
232
What is the remainder when 14707 is divided by 544?
19
Calculate the remainder when 30210 is divided by 560.
530
What is the remainder when 10645 is divided by 2119?
50
What is the remainder when 3027 is divided by 137?
13
What is the remainder when 275139 is divided by 547?
545
What is the remainder when 283624 is divided by 870?
4
What is the remainder when 2265 is divided by 1007?
251
What is the remainder when 20300 is divided by 4940?
540
Calculate the remainder when 168056 is divided by 94.
78
What is the remainder when 46039 is divided by 411?
7
What is the remainder when 59446 is divided by 3128?
14
Calculate the remainder when 126718 is divided by 118.
104
What is the remainder when 2834 is divided by 91?
13
What is the remainder when 350734 is divided by 19485?
4
What is the remainder when 11155 is divided by 485?
0
What is the remainder when 15867 is divided by 1760?
27
What is the remainder when 824804 is divided by 17?
15
What is the remainder when 96726 is divided by 52?
6
Calculate the remainder when 4853 is divided by 187.
178
What is the remainder when 21273 is divided by 10356?
561
Calculate the remainder when 30238 is divided by 90.
88
Calculate the remainder when 65250 is divided by 58.
0
What is the remainder when 511930 is divided by 30113?
9
Calculate the remainder when 95630 is divided by 253.
249
What is the remainder when 40384 is divided by 41?
40
What is the remainder when 555658 is divided by 70?
68
Calculate the remainder when 5701 is divided by 5418.
283
What is the remainder when 78144 is divided by 4?
0
What is the remainder when 2353989 is divided by 24?
21
What is the remainder when 62126 is divided by 177?
176
Calculate the remainder when 469490 is divided by 347.
346
What is the remainder when 482 is divided by 219?
44
What is the remainder when 158221 is divided by 78991?
239
Calculate the remainder when 81933 is divided by 5.
3
Calculate the remainder when 1375 is divided by 181.
108
What is the remainder when 356715 is divided by 1388?
1387
What is the remainder when 21993 is divided by 1581?
1440
Calculate the remainder when 11675 is divided by 1297.
2
What is the remainder when 9368 is divided by 46?
30
Calculate the remainder when 218766 is divided by 354.
348
Calculate the remainder when 37584 is divided by 37563.
21
Calculate the remainder when 11646 is divided by 2904.
30
What is the remainder when 29504 is divided by 102?
26
What is the remainder when 8538 is divided by 659?
630
Calculate the remainder when 3591 is divided by 31.
26
What is the remainder when 108925 is divided by 2533?
6
Calculate the remainder when 12707 is divided by 605.
2
Calculate the remainder when 363328 is divided by 86.
64
Calculate the remainder when 1752 is divided by 500.
252
Calculate the remainder when 42743 is divided by 39.
38
Calculate the remainder when 13708 is divided by 30.
28
Calculate the remainder when 593516 is divided by 5.
1
What is the remainder when 6875 is divided by 3436?
3
Calculate the remainder when 6090 is divided by 2774.
542
What is the remainder when 10168 is divided by 328?
0
What is the remainder when 15017 is divided by 14?
9
Calculate the remainder when 4666 is divided by 2331.
4
Calculate the remainder when 32859 is divided by 53.
52
What is the remainder when 571 is divided by 167?
70
What is the remainder when 395732 is divided by 131884?
80
What is the remainder when 16530 is divided by 228?
114
What is the remainder when 22228 is divided by 7405?
13
What is the remainder when 5375 is divided by 384?
383
What is the remainder when 11750 is divided by 52?
50
Calculate the remainder when 28488 is divided by 70.
68
What is the remainder when 2778939 is divided by 1801?
1797
Calculate the remainder when 452007 is divided by 377.
361
Calculate the remainder when 65024 is divided by 21671.
11
Calculate the remainder when 1941428 is divided by 492.
488
What is the remainder when 2979 is divided by 11?
9
What is the remainder when 74152 is divided by 36960?
232
Calculate the remainder when 13047 is divided by 932.
931
What is the remainder when 61076 is divided by 15243?
104
Calculate the remainder when 98008 is divided by 54.
52
Calculate the remainder when 33500 is divided by 6686.
70
Calculate the remainder when 6798 is divided by 158.
4
Calculate the remainder when 25011 is divided by 116.
71
What is the remainder when 3627 is divided by 641?
422
What is the remainder when 249686 is divided by 11?
8
What is the remainder when 13486 is divided by 907?
788
What is the remainder when 7421 is divided by 1454?
151
What is the remainder when 688 is divided by 331?
26
What is the remainder when 2688 is divided by 893?
9
Calculate the remainder when 965 is divided by 485.
480
What is the remainder when 976 is divided by 49?
45
Calculate the remainder when 8985 is divided by 26.
15
What is the remainder when 12929 is divided by 994?
7
What is the remainder when 60023 is divided by 146?
17
Calculate the remainder when 30909 is divided by 114.
15
Calculate the remainder when 125968 is divided by 28.
24
What is the remainder when 40339 is divided by 79?
49
What is the remainder when 47395 is divided by 632?
627
What is the remainder when 6535 is divided by 22?
1
Calculate the remainder when 1897 is divided by 1890.
7
Calculate the remainder when 41054 is divided by 32.
30
What is the remainder when 29621 is divided by 628?
105
Calculate the remainder when 44100 is divided by 7345.
30
Calculate the remainder when 21874 is divided by 10931.
12
What is the remainder when 246181 is divided by 59?
33
What is the remainder when 1322 is divided by 154?
90
Calculate the remainder when 92469 is divided by 8405.
14
Calculate the remainder when 633699 is divided by 31.
28
What is the remainder when 6674 is divided by 86?
52
Calculate the remainder when 902 is divided by 221.
18
What is the remainder when 428957 is divided by 6?
5
Calculate the remainder when 65037 is divided by 16236.
93
What is the remainder when 54298 is divided by 88?
2
Calculate the remainder when 155759 is divided by 24.
23
What is the remainder when 22246 is divided by 54?
52
What is the remainder when 1329 is divided by 1315?
14
Calculate the remainder when 607122 is divided by 607115.
7
Calculate the remainder when 249275 is divided by 109.
101
What is the remainder when 609 is divided by 603?
6
What is the remainder when 263841 is divided by 21?
18
Calculate the remainder when 542 is divided by 10.
2
Calculate the remainder when 1804 is divided by 310